{"id":2,"date":"2021-07-25T18:38:40","date_gmt":"2021-07-25T21:38:40","guid":{"rendered":"http:\/\/ficepsulamerica.com.br\/?page_id=2"},"modified":"2023-03-31T15:47:30","modified_gmt":"2023-03-31T18:47:30","slug":"pagina-exemplo","status":"publish","type":"page","link":"https:\/\/ficepsulamerica.com.br\/","title":{"rendered":"Ficep Sul Am\u00e9rica Automa\u00e7\u00e3o e Servi\u00e7os Ltda."},"content":{"rendered":"\n<div class=\"wp-block-columns is-layout-flex wp-container-core-columns-is-layout-9d6595d7 wp-block-columns-is-layout-flex\">\n<div class=\"wp-block-column is-layout-flow wp-block-column-is-layout-flow\" style=\"flex-basis:100%\">\n<blockquote class=\"wp-block-quote is-layout-flow wp-block-quote-is-layout-flow\">\n<p>Assist\u00eancia T\u00e9cnica Autorizada e Revendedor de Pe\u00e7as de Reposi\u00e7\u00e3o, Ferramentas  e Consum\u00edveis <a rel=\"noreferrer noopener\" href=\"http:\/\/www.ficepgroup.com\/\" target=\"_blank\">www.ficepgroup.com<\/a><\/p>\n<\/blockquote>\n\n\n\n<figure class=\"wp-block-image size-large\"><img loading=\"lazy\" decoding=\"async\" width=\"716\" height=\"1024\" src=\"https:\/\/ficepsulamerica.com.br\/wp-content\/uploads\/2023\/03\/Flyer-Ficep-Sul-America_page-0001-716x1024.jpg\" alt=\"\" class=\"wp-image-49\" srcset=\"https:\/\/ficepsulamerica.com.br\/wp-content\/uploads\/2023\/03\/Flyer-Ficep-Sul-America_page-0001-716x1024.jpg 716w, https:\/\/ficepsulamerica.com.br\/wp-content\/uploads\/2023\/03\/Flyer-Ficep-Sul-America_page-0001-210x300.jpg 210w, https:\/\/ficepsulamerica.com.br\/wp-content\/uploads\/2023\/03\/Flyer-Ficep-Sul-America_page-0001-768x1098.jpg 768w, https:\/\/ficepsulamerica.com.br\/wp-content\/uploads\/2023\/03\/Flyer-Ficep-Sul-America_page-0001.jpg 827w\" sizes=\"auto, (max-width: 716px) 100vw, 716px\" \/><\/figure>\n<\/div>\n<\/div>\n\n\n\n<p><\/p>\n\n\n\n<figure class=\"wp-block-image size-large\"><img loading=\"lazy\" decoding=\"async\" width=\"716\" height=\"1024\" src=\"https:\/\/ficepsulamerica.com.br\/wp-content\/uploads\/2023\/03\/Flyer-Ficep-Sul-America_page-0002-1-716x1024.jpg\" alt=\"\" class=\"wp-image-57\" srcset=\"https:\/\/ficepsulamerica.com.br\/wp-content\/uploads\/2023\/03\/Flyer-Ficep-Sul-America_page-0002-1-716x1024.jpg 716w, https:\/\/ficepsulamerica.com.br\/wp-content\/uploads\/2023\/03\/Flyer-Ficep-Sul-America_page-0002-1-210x300.jpg 210w, https:\/\/ficepsulamerica.com.br\/wp-content\/uploads\/2023\/03\/Flyer-Ficep-Sul-America_page-0002-1-768x1098.jpg 768w, https:\/\/ficepsulamerica.com.br\/wp-content\/uploads\/2023\/03\/Flyer-Ficep-Sul-America_page-0002-1.jpg 827w\" sizes=\"auto, (max-width: 716px) 100vw, 716px\" \/><\/figure>\n\n\n\n<figure class=\"wp-block-image size-large\"><img loading=\"lazy\" decoding=\"async\" width=\"753\" height=\"1024\" src=\"https:\/\/ficepsulamerica.com.br\/wp-content\/uploads\/2023\/03\/Folder-Ficep-Sul-America_page-0002-753x1024.jpg\" alt=\"\" class=\"wp-image-59\" srcset=\"https:\/\/ficepsulamerica.com.br\/wp-content\/uploads\/2023\/03\/Folder-Ficep-Sul-America_page-0002-753x1024.jpg 753w, https:\/\/ficepsulamerica.com.br\/wp-content\/uploads\/2023\/03\/Folder-Ficep-Sul-America_page-0002-221x300.jpg 221w, https:\/\/ficepsulamerica.com.br\/wp-content\/uploads\/2023\/03\/Folder-Ficep-Sul-America_page-0002-768x1044.jpg 768w, https:\/\/ficepsulamerica.com.br\/wp-content\/uploads\/2023\/03\/Folder-Ficep-Sul-America_page-0002-1130x1536.jpg 1130w, https:\/\/ficepsulamerica.com.br\/wp-content\/uploads\/2023\/03\/Folder-Ficep-Sul-America_page-0002-1506x2048.jpg 1506w, https:\/\/ficepsulamerica.com.br\/wp-content\/uploads\/2023\/03\/Folder-Ficep-Sul-America_page-0002-1200x1631.jpg 1200w, https:\/\/ficepsulamerica.com.br\/wp-content\/uploads\/2023\/03\/Folder-Ficep-Sul-America_page-0002.jpg 1772w\" sizes=\"auto, (max-width: 753px) 100vw, 753px\" \/><\/figure>\n","protected":false},"excerpt":{"rendered":"<p>Assist\u00eancia T\u00e9cnica Autorizada e Revendedor de Pe\u00e7as de Reposi\u00e7\u00e3o, Ferramentas e Consum\u00edveis www.ficepgroup.com<\/p>\n","protected":false},"author":1,"featured_media":0,"parent":0,"menu_order":0,"comment_status":"closed","ping_status":"open","template":"","meta":{"footnotes":""},"class_list":["post-2","page","type-page","status-publish","hentry"],"_links":{"self":[{"href":"https:\/\/ficepsulamerica.com.br\/index.php?rest_route=\/wp\/v2\/pages\/2","targetHints":{"allow":["GET"]}}],"collection":[{"href":"https:\/\/ficepsulamerica.com.br\/index.php?rest_route=\/wp\/v2\/pages"}],"about":[{"href":"https:\/\/ficepsulamerica.com.br\/index.php?rest_route=\/wp\/v2\/types\/page"}],"author":[{"embeddable":true,"href":"https:\/\/ficepsulamerica.com.br\/index.php?rest_route=\/wp\/v2\/users\/1"}],"replies":[{"embeddable":true,"href":"https:\/\/ficepsulamerica.com.br\/index.php?rest_route=%2Fwp%2Fv2%2Fcomments&post=2"}],"version-history":[{"count":7,"href":"https:\/\/ficepsulamerica.com.br\/index.php?rest_route=\/wp\/v2\/pages\/2\/revisions"}],"predecessor-version":[{"id":60,"href":"https:\/\/ficepsulamerica.com.br\/index.php?rest_route=\/wp\/v2\/pages\/2\/revisions\/60"}],"wp:attachment":[{"href":"https:\/\/ficepsulamerica.com.br\/index.php?rest_route=%2Fwp%2Fv2%2Fmedia&parent=2"}],"curies":[{"name":"wp","href":"https:\/\/api.w.org\/{rel}","templated":true}]}}